1
Calculate the remainder when 441 is divided by 92.
73
What is the remainder when 2312 is divided by 288?
8
Calculate the remainder when 566 is divided by 21.
20
Calculate the remainder when 96 is divided by 49.
47
What is the remainder when 258 is divided by 11?
5
Calculate the remainder when 2159 is divided by 436.
415
Calculate the remainder when 97 is divided by 9.
7
Calculate the remainder when 9450 is divided by 13.
12
Calculate the remainder when 332 is divided by 12.
8
Calculate the remainder when 237 is divided by 153.
84
What is the remainder when 682 is divided by 76?
74
Calculate the remainder when 593 is divided by 22.
21
Calculate the remainder when 12484 is divided by 14.
10
Calculate the remainder when 4096 is divided by 108.
100
Calculate the remainder when 159 is divided by 9.
6
What is the remainder when 947 is divided by 34?
29
Calculate the remainder when 383 is divided by 64.
63
What is the remainder when 94 is divided by 12?
10
What is the remainder when 156 is divided by 13?
0
What is the remainder when 232 is divided by 26?
24
What is the remainder when 406 is divided by 226?
180
What is the remainder when 132 is divided by 59?
14
Calculate the remainder when 679 is divided by 36.
31
Calculate the remainder when 1020 is divided by 205.
200
What is the remainder when 246 is divided by 50?
46
What is the remainder when 697 is divided by 203?
88
Calculate the remainder when 345 is divided by 44.
37
What is the remainder when 35 is divided by 19?
16
Calculate the remainder when 188 is divided by 69.
50
Calculate the remainder when 206 is divided by 180.
26
Calculate the remainder when 454 is divided by 76.
74
What is the remainder when 38994 is divided by 11?
10
Calculate the remainder when 273 is divided by 95.
83
Calculate the remainder when 28 is divided by 28.
0
What is the remainder when 97 is divided by 10?
7
What is the remainder when 202 is divided by 9?
4
Calculate the remainder when 25 is divided by 18.
7
Calculate the remainder when 369 is divided by 44.
17
What is the remainder when 215 is divided by 37?
30
Calculate the remainder when 174 is divided by 38.
22
Calculate the remainder when 333 is divided by 40.
13
What is the remainder when 45 is divided by 28?
17
What is the remainder when 244 is divided by 32?
20
What is the remainder when 25512 is divided by 21?
18
What is the remainder when 540 is divided by 14?
8
What is the remainder when 215 is divided by 79?
57
Calculate the remainder when 61 is divided by 6.
1
What is the remainder when 96 is divided by 76?
20
Calculate the remainder when 4121 is divided by 217.
215
Calculate the remainder when 1055 is divided by 132.
131
Calculate the remainder when 2540 is divided by 196.
188
What is the remainder when 348 is divided by 44?
40
Calculate the remainder when 1086 is divided by 32.
30
What is the remainder when 3341 is divided by 86?
73
Calculate the remainder when 2980 is divided by 22.
10
What is the remainder when 57 is divided by 21?
15
What is the remainder when 101 is divided by 51?
50
Calculate the remainder when 199 is divided by 57.
28
What is the remainder when 259 is divided by 5?
4
What is the remainder when 161 is divided by 82?
79
What is the remainder when 212 is divided by 171?
41
Calculate the remainder when 5713 is divided by 22.
15
Calculate the remainder when 610 is divided by 12.
10
Calculate the remainder when 6463 is divided by 223.
219
What is the remainder when 1367 is divided by 49?
44
Calculate the remainder when 420 is divided by 46.
6
Calculate the remainder when 1043 is divided by 4.
3
What is the remainder when 391 is divided by 56?
55
What is the remainder when 67 is divided by 14?
11
Calculate the remainder when 419 is divided by 20.
19
What is the remainder when 2268 is divided by 743?
39
Calculate the remainder when 403 is divided by 11.
7
Calculate the remainder when 1461 is divided by 66.
9
What is the remainder when 13109 is divided by 10?
9
What is the remainder when 167 is divided by 44?
35
Calculate the remainder when 286 is divided by 16.
14
What is the remainder when 1007 is divided by 254?
245
What is the remainder when 14470 is divided by 54?
52
What is the remainder when 7920 is divided by 89?
88
Calculate the remainder when 99 is divided by 17.
14
Calculate the remainder when 133 is divided by 21.
7
Calculate the remainder when 9111 is divided by 186.
183
Calculate the remainder when 120 is divided by 118.
2
Calculate the remainder when 66 is divided by 40.
26
What is the remainder when 3685 is divided by 284?
277
What is the remainder when 127 is divided by 47?
33
Calculate the remainder when 552 is divided by 10.
2
What is the remainder when 493 is divided by 21?
10
What is the remainder when 84163 is divided by 155?
153
Calculate the remainder when 431 is divided by 422.
9
Calculate the remainder when 1962 is divided by 15.
12
Calculate the remainder when 1294 is divided by 22.
18
What is the remainder when 966 is divided by 236?
22
Calculate the remainder when 843 is divided by 40.
3
What is the remainder when 39 is divided by 21?
18
Calculate the remainder when 1065 is divided by 221.
181
What is the remainder when 59 is divided by 21?
17
Calculate the remainder when 168 is divided by 8.
0
What is the remainder when 407 is divided by 91?
43
Calculate the remainder when 24110 is divided by 171.
170
Calculate the remainder when 360 is divided by 11.
8
Calculate the remainder when 783 is divided by 261.
0
What is the remainder when 1398 is divided by 1388?
10
Calculate the remainder when 272 is divided by 79.
35
Calculate the remainder when 3811 is divided by 292.
15
Calculate the remainder when 2578 is divided by 29.
26
Calculate the remainder when 1029 is divided by 129.
126
Calculate the remainder when 580 is divided by 3.
1
Calculate the remainder when 11942 is divided by 13.
8
Calculate the remainder when 207 is divided by 16.
15
Calculate the remainder when 7611 is divided by 44.
43
What is the remainder when 34 is divided by 20?
14
Calculate the remainder when 29 is divided by 4.
1
What is the remainder when 531 is divided by 170?
21
Calculate the remainder when 155 is divided by 22.
1
What is the remainder when 449 is divided by 82?
39
Calculate the remainder when 399 is divided by 2.
1
What is the remainder when 281 is divided by 56?
1
What is the remainder when 179 is divided by 49?
32
Calculate the remainder when 374 is divided by 122.
8
What is the remainder when 118 is divided by 35?
13
Calculate the remainder when 1105 is divided by 5.
0
Calculate the remainder when 105 is divided by 50.
5
What is the remainder when 31958 is divided by 170?
168
What is the remainder when 1547 is divided by 37?
30
Calculate the remainder when 78 is divided by 28.
22
Calculate the remainder when 249 is divided by 28.
25
Calculate the remainder when 569 is divided by 189.
2
Calculate the remainder when 555 is divided by 70.
65
Calculate the remainder when 165 is divided by 1.
0
Calculate the remainder when 281 is divided by 16.
9
Calculate the remainder when 243 is divided by 39.
9
What is the remainder when 224 is divided by 175?
49
What is the remainder when 1287 is divided by 6?
3
What is the remainder when 102 is divided by 59?
43
What is the remainder when 183 is divided by 9?
3
What is the remainder when 139 is divided by 8?
3
Calculate the remainder when 3397 is divided by 9.
4
What is the remainder when 9628 is divided by 4811?
6
Calculate the remainder when 903 is divided by 886.
17
What is the remainder when 5331 is divided by 86?
85
What is the remainder when 1070 is divided by 37?
34
Calculate the remainder when 159 is divided by 32.
31
Calculate the remainder when 1340 is divided by 332.
12
Calculate the remainder when 41 is divided by 9.
5
What is the remainder when 127 is divided by 87?
40
What is the remainder when 91549 is divided by 50?
49
What is the remainder when 15692 is divided by 59?
57
What is the remainder when 1531 is divided by 81?
73
Calculate the remainder when 1510 is divided by 754.
2
What is the remainder when 1540 is divided by 512?
4
Calculate the remainder when 4057 is divided by 41.
39
What is the remainder when 358 is divided by 18?
16
Calculate the remainder when 11 is